{"id":104,"date":"2013-06-06T16:36:54","date_gmt":"2013-06-06T15:36:54","guid":{"rendered":"http:\/\/www.espacedanseboissy.fr\/blog\/?page_id=104"},"modified":"2021-09-14T21:14:21","modified_gmt":"2021-09-14T20:14:21","slug":"les-cours","status":"publish","type":"page","link":"https:\/\/www.espacedanseboissy.fr\/blog\/?page_id=104","title":{"rendered":"Les cours"},"content":{"rendered":"<p><span style=\"text-decoration: underline;\">\u00a0Professeur:<\/span>\u00a0Nathalie MENU<br \/>\nLes cours ont lieu le lundi sauf pendant les vacances scolaires et les jours f\u00e9ries salle du centre a\u00e9r\u00e9:<br \/>\n154 avenue de MAROLLES<br \/>\n94470 BOISSY ST LEGER<\/p>\n<p><b>Cours par niveau:<\/b><br \/>\nPour les d\u00e9butants de 19h \u00e0 20h (1h)<br \/>\nPour les interm\u00e9diaires de 20h \u00e0 21h30 (1h30)<\/p>\n<p>Adh\u00e8sion<b>\u00a0 : 25 euros<\/b><br \/>\nCotisations annuelles:<br \/>\n&#8211;\u00a0<b>140 euros<\/b>\u00a0pour un cours d&rsquo;1 heure.<br \/>\npossibilit\u00e9 de r\u00e9gler en plusieurs fois<\/p>\n<p>Pi\u00e9ce obligatoire \u00e0 fournir :<br \/>\nCertificat m\u00e9dical d&rsquo;aptitude \u00e0 la pratique sportive<\/p>\n<p><span style=\"text-decoration: underline;\">Comment s&rsquo;inscrire:<\/span><br \/>\nLes inscriptions se font sur les lieux des cours.<\/p>\n<p><span style=\"text-decoration: underline;\">Renseignements:<\/span><br \/>\nPar E-Mail:\u00a0<a href=\"mailto:contact@espacedanseboissy.fr\">contact@espacedanseboissy.fr<\/a><br \/>\nPar T\u00e9l\u00e9phone:<br \/>\n&#8211; Danielle BOSC: 09.52.53.95.15 ou 06.87.07.21.35.<br \/>\n&#8211; Solange LABORDE: 01.45.69.36.48 ou 06.82.29.43.69.<\/p>\n","protected":false},"excerpt":{"rendered":"<p>\u00a0Professeur:\u00a0Nathalie MENU Les cours ont lieu le lundi sauf pendant les vacances scolaires et les jours f\u00e9ries salle du centre a\u00e9r\u00e9: 154 avenue de MAROLLES 94470 BOISSY ST LEGER Cours par niveau: Pour les d\u00e9butants de 19h \u00e0 20h (1h)<span class=\"ellipsis\">&hellip;<\/span><\/p>\n<div class=\"read-more\"><a href=\"https:\/\/www.espacedanseboissy.fr\/blog\/?page_id=104\">Lire la suite &#8250;<\/a><\/div>\n<p><!-- end of .read-more --><\/p>\n","protected":false},"author":1,"featured_media":0,"parent":0,"menu_order":0,"comment_status":"open","ping_status":"open","template":"","meta":[],"_links":{"self":[{"href":"https:\/\/www.espacedanseboissy.fr\/blog\/index.php?rest_route=\/wp\/v2\/pages\/104"}],"collection":[{"href":"https:\/\/www.espacedanseboissy.fr\/blog\/index.php?rest_route=\/wp\/v2\/pages"}],"about":[{"href":"https:\/\/www.espacedanseboissy.fr\/blog\/index.php?rest_route=\/wp\/v2\/types\/page"}],"author":[{"embeddable":true,"href":"https:\/\/www.espacedanseboissy.fr\/blog\/index.php?rest_route=\/wp\/v2\/users\/1"}],"replies":[{"embeddable":true,"href":"https:\/\/www.espacedanseboissy.fr\/blog\/index.php?rest_route=%2Fwp%2Fv2%2Fcomments&post=104"}],"version-history":[{"count":6,"href":"https:\/\/www.espacedanseboissy.fr\/blog\/index.php?rest_route=\/wp\/v2\/pages\/104\/revisions"}],"predecessor-version":[{"id":1693,"href":"https:\/\/www.espacedanseboissy.fr\/blog\/index.php?rest_route=\/wp\/v2\/pages\/104\/revisions\/1693"}],"wp:attachment":[{"href":"https:\/\/www.espacedanseboissy.fr\/blog\/index.php?rest_route=%2Fwp%2Fv2%2Fmedia&parent=104"}],"curies":[{"name":"wp","href":"https:\/\/api.w.org\/{rel}","templated":true}]}}